 Determine i(4).
4
Let t(h) = -5*h**2 + 2*h + 1. Give t(2).
-15
Let z(b) = -4*b - 4. Determine z(3).
-16
Let r(g) = g**2 - 2*g - 6. Give r(4).
2
Let f(o) = -2*o - 17. Give f(-9).
1
Let w(d) = 16*d + 5. Give w(3).
53
Let d(i) = -2*i**2 - 9*i + 25. Give d(2).
-1
Let z(m) = -m**2 + m + 5. Calculate z(-5).
-25
Let r(i) = 2*i**3 - 24*i**2 + i + 11. Calculate r(12).
23
Let b(p) = p**3 - 8*p**2 + 9*p - 10. Calculate b(7).
4
Let i(j) = -j**2 + 22*j + 27. Calculate i(23).
4
Let q(o) = o**2 + 3*o + 5. What is q(-6)?
23
Let o(q) = 8*q**3 + 5*q**2 + 3*q - 2. Give o(-2).
-52
Let i(r) = 4*r + 14. Determine i(-4).
-2
Let z(w) = -w**3 - 10*w**2 + 9*w - 9. Give z(-11).
13
Let c(n) = -n**3 - 6*n**2 + 4*n - 10. Determine c(-7).
11
Let r(c) = -5*c - 3. Determine r(6).
-33
Let p(x) = -x**3 + 15*x**2 - 32*x + 71. Give p(13).
-7
Let u(b) = -3*b + 8. Determine u(7).
-13
Let i(x) = 20*x - 5. Give i(2).
35
Let u(x) = -3*x + 27. Determine u(7).
6
Let b(i) = i**2 + 24*i + 23. Give b(-23).
0
Let f(w) = 4*w - 4. Calculate f(-3).
-16
Let s(v) = -v**2 - 4*v. What is s(-5)?
-5
Let m(n) = 8*n - 1. What is m(-3)?
-25
Let m(d) = -d**2 + 6*d - 10. Calculate m(10).
-50
Let j(k) = -k**2 + 14*k - 1. What is j(11)?
32
Let v(g) = g - 6. Give v(-5).
-11
Let x(j) = -j**2 + 12*j - 7. Determine x(11).
4
Let i(b) = b**2 + 6*b - 7. Determine i(-7).
0
Let k(v) = -69*v**3 - v**2 + v + 1. Determine k(-1).
68
Let r(p) = p**3 + 4*p**2 - 5*p + 11. Determine r(-5).
11
Let s(x) = 10*x - 19. Give s(6).
41
Let r(i) = i**2 - 12*i + 13. Determine r(11).
2
Let i(l) = l**2 - 2*l + 5. Give i(0).
5
Let z(w) = -w**2 - 4*w + 7. Determine z(-6).
-5
Let h(j) = j + 13. Calculate h(-7).
6
Let v(w) = 75*w + 456. Calculate v(-6).
6
Let m(d) = d**2 - 14*d + 15. Calculate m(12).
-9
Let u(x) = -x**3 - 40*x**2 + 36*x - 188. Calculate u(-41).
17
Let h(j) = -j**2 + j - 7. What is h(0)?
-7
Let f(o) = -o**2 - 8*o + 12. Determine f(-10).
-8
Let i(s) = s**3 + 28*s**2 + 52*s - 6. Determine i(-26).
-6
Let p(u) = -9*u**3 + u**2 + 3*u + 3. Give p(-1).
10
Let b(t) = -t**3 - 11*t**2 - 1. What is b(-11)?
-1
Let s(x) = -x**3 + 9*x**2 + 6*x - 46. Give s(9).
8
Let a(b) = 2*b. What is a(3)?
6
Let d(u) = u**2 + 3*u - 6. Give d(-5).
4
Let i(w) = w**3 + 4*w**2 - 9*w - 18. Give i(-5).
2
Let u(m) = -6*m**2 + 10*m + 3. Give u(-2).
-41
Let h(u) = -2*u - 22. Determine h(-12).
2
Let v(q) = 15*q + 1. What is v(3)?
46
Let b(f) = f**2 + 15*f - 23. Calculate b(-15).
-23
Let j(q) = q**3 + 6*q**2 - 3*q - 20. Calculate j(-6).
-2
Let r(q) = -5*q - 48. Give r(-9).
-3
Let i(h) = -2*h**3 - 13*h**2 - 11*h - 21. Determine i(-6).
9
Let u(r) = 3*r - 37. Determine u(13).
2
Let o(a) = -a**2 - a + 5. What is o(0)?
5
Let b(u) = -u + 6. What is b(-1)?
7
Let t(p) = -p**3 + 8*p**2 - 8*p + 6. What is t(7)?
-1
Let o(d) = -10*d - 3. What is o(-6)?
57
Let z(l) = -l**2 + 12*l - 24. Determine z(11).
-13
Let v(r) = r - 6. What is v(6)?
0
Let m(d) = -59*d - 940. What is m(-16)?
4
Let c(w) = -14*w**2 + 2. What is c(-1)?
-12
Let c(n) = -4*n - 48. Give c(-12).
0
Let b(v) = 12*v**3 + 26*v**2 - 7*v - 19. Determine b(-2).
3
Let q(o) = -35*o - 191. What is q(-5)?
-16
Let p(r) = -3*r**2 + 4*r + 5. Determine p(4).
-27
Let w(a) = a**2 - 14*a + 42. Give w(6).
-6
Let h(v) = -30*v - 89. Calculate h(-3).
1
Let j(m) = -321*m + 1598. Give j(5).
-7
Let b(a) = -a**3 - 9*a**2 - 7*a - 5. Give b(-8).
-13
Let k(v) = -v - 1. Determine k(-4).
3
Let v(d) = -15*d + 9. What is v(6)?
-81
Let m(w) = -w**3 - 10*w**2 + 10*w + 4. Give m(-11).
15
Let y(f) = -f - 7. Determine y(-2).
-5
Let z(q) = -q**3 - 37*q**2 + 42*q + 157. What is z(-38)?
5
Let d(a) = -a**2 + 6*a - 1. Calculate d(4).
7
Let a(y) = 19*y + 98. Give a(-5).
3
Let b(f) = -11*f + 27. Determine b(1).
16
Let a(w) = 2*w**2 - 9*w - 5. Give a(6).
13
Let d(r) = 4*r + 50. What is d(-7)?
22
Let u(j) = -3*j + 33. Give u(16).
-15
Let z(k) = k**3 - 14*k**2 - 13*k - 14. Calculate z(15).
16
Let x(r) = -5*r - 4. Determine x(-9).
41
Let o(p) = -8*p - 26. Give o(-4).
6
Let v(w) = 15*w - 501. Calculate v(34).
9
Let h(q) = -2*q**2 - 2*q - 3. Calculate h(0).
-3
Let s(z) = -z**3 + 10*z**2 + 23*z + 15. Calculate s(12).
3
Let i(u) = 2*u - 21. Give i(11).
1
Let m(n) = n**3 - 5*n**2 - 2*n - 21. What is m(6)?
3
Let j(r) = -r**3 - 6*r**2 + 8*r + 10. Determine j(-7).
3
Let o(i) = -i**2 + 12*i - 5. Determine o(13).
-18
Let j(p) = p**2 + 4*p - 226. Give j(-17).
-5
Let s(i) = -i**3 - 17*i**2 - i - 4. Calculate s(-17).
13
Let c(u) = 2*u + 12. Give c(0).
12
Let m(s) = s - 19. What is m(22)?
3
Let d(a) = a + 12. Calculate d(-9).
3
Let g(l) = l**3 - 20*l**2 - 21*l + 1. Calculate g(21).
1
Let i(o) = -o**2 - 9*o - 12. Calculate i(-5).
8
Let w(p) = -2*p - 5. Give w(-10).
15
Let t(q) = 2*q - 3. Calculate t(5).
7
Let u(g) = 2*g**2 - 28*g + 8. Calculate u(13).
-18
Let r(j) = -j**3 + 32*j**2 - 32*j + 24. What is r(31)?
-7
Let n(a) = 3*a**2 - 3*a + 1. Give n(3).
19
Let p(l) = -l + 3. Give p(4).
-1
Let m(k) = 127*k - 501. Give m(4).
7
Let x(u) = u + 12. Give x(-7).
5
Let p(c) = c**3 + 34*c**2 + 208*c + 12. Determine p(-8).
12
Let n(m) = -m**2 + 7*m + 17. What is n(9)?
-1
Let i(p) = -2*p**3 - 7*p**2 - 2*p - 20. Give i(-4).
4
Let h(d) = 2*d**2 - 33*d + 65. Give h(15).
20
Let o(w) = w**2 - 8*w - 14. Determine o(10).
6
Let g(r) = -54*r - 97. Calculate g(-2).
11
Let p(g) = 4*g**2 - 5*g. Determine p(2).
6
Let s(i) = -i**2 + 33. Calculate s(0).
33
Let g(s) = -7*s**2 + 126*s - 2. Determine g(18).
-2
Let s(j) = -j + 9. What is s(4)?
5
Let l(t) = -2*t**2 + 9*t - 6. Give l(4).
-2
Let q(h) = -h**2 + 3*h - 10. What is q(4)?
-14
Let w(g) = g + 7. What is w(-8)?
-1
Let o(v) = v**2 + 6*v + 7. Give o(-3).
-2
Let h(k) = -k**3 - 6*k**2 - 4*k + 3. Give h(-2).
-5
Let d(p) = -5*p - 172. What is d(-27)?
-37
Let x(v) = 2*v**3 + 14*v**2 + 11*v - 4. Calculate x(-6).
2
Let d(x) = -8*x**2 + 4*x - 5. What is d(-3)?
-89
Let z(c) = -69*c - 831. Calculate z(-12).
-3
Let u(b) = -11*b - 501. Give u(-46).
5
Let r(w) = 7*w**2 - w + 1. Calculate r(-2).
31
Let z(r) = -r**3 - 12*r**2 - 2*r - 15. Calculate z(-12).
9
Let m(l) = 13*l + 1. Determine m(-3).
-38
Let o(y) = 3*y**2 + y - 2. Calculate o(2).
12
Let y(m) = -m**3 + 5*m + 4. Give y(-4).
48
Let q(d) = 48*d - 131. Determine q(3).
13
Let z(f) = -4*f**2 - 2*f - 4. Determine z(-2).
-16
Let u(v) = 4*v - 4. Calculate u(-1).
-8
Let o(m) = -9*m + 4. Give o(4).
-32
Let c(f) = f**2 - 5*f - 6. What is c(6)?
0
Let g(f) = -6*f + 42. Determine g(10).
-18
Let h(j) = -j**3 - 32. Give h(0).
-32
Let y(b) = -b**2 + 20*b - 49. Determine y(15).
26
Let g(l) = 27*l - 5. What is g(-3)?
-86
Let u(c) = -32*c - 672. Give u(-21).
0
Let n(f) = -3*f**2 + 16*f - 40. Calculate n(3).
-19
Let g(t) = -7*t**2 + 3*t + 2. Calculate g(-2).
-32
Let o(w) = 23*w + 15. Determine o(-3).
-54
Let m(g) = 5*g - 2. What is m(-10)?
-52
Let k(f) = 3*f - 1. What is k(4)?
11
Let d(a) = 10*a**3 - 2*a + 1. What is d(1)?
9
Let a(l) = l**3 - 29*l**2 - 31*l + 67. Determine a(30).
37
Let a(t) = -t - 7. Calculate a(-10).
3
Let x(v) = 2*v**2 - 5*v - 4. Determine x(4).
8
Let w(v) = 2*v**2 - 53*v - 165. Calculate w(-3).
12
Let b(f) = -65*f**2 + 2*f - 1. Give b(1).
-64
Let c(l) = l**3 + 7*l**2 + 7*l - 4. What is c(-6)?
-10
Let s(b) = -2*b**3 - 15*b**2 - 5*b - 17. What is s(-7)?
-31
Let n(v) = 14*v - 56. What is n(0)?
-56
Let b(x) = -16*x + 150. Give b(10).
-10
Let f(q) = -5*q**2 - 23*q + 4. What is f(-5)?
-6
Let x(c) = -c**2 - 9*c + 4. Give x(-10).
-6
Let m(p) = -20*p - 8. Calculate m(-3).
52
Let v(x) = 3*x**2 - 4*x - 1. Calculate v(3).
14
Let r(u) = -4*u + 6. What is r(3)?
-6
Let u(h) = -10*h. What is u(1)?
-10
Let m(w) = -14*w + 131. Calculate m(10).
-9
Let d(t) = -t**3 + 6*t**2 - 3*t + 5. Give d(5).
15
Let z(r) = -r**3 - 9*r**2 + 11*r - 6. Determine z(-10).
-16
Let a(s) = -10*s. Give a(4).
-40
Let m(r) = 11*r - 4. Calculate m(3).
29
Let b(y) = -4*y - 59. Give b(-9).
-23
Let g(n) = -3*n**2 + 3*n + 2. Determine g(-2).
-16
Let m(f) = -f**3 + 29*f**2 - 55*f + 64. Determine m(27).
37
Let x(w) = 6*w - 10. What is x(5)?
20
Let a(c) = -c**2 + 20*c - 4. Determine a(8).
92
Let z(g) = -g**3 - g**2 + 2*g - 1. Calculate z(1).
-1
Let u(b) = b**3 + 7*b**2 + 7*b - 6. Determine u(-3).
9
Let w(f) = f**3 - 2*f**2 - 9*f + 2. What is w(4)?
-2
Let m(s) = s**3 + 9*s**2 - 2*s + 9. What is m(-9)?
27
Let l(k) = k**3 + 4*k**2 - k - 3. Give l(-3).
9
Let